[INFO] fetching crate austenite 0.0.1...
[INFO] building austenite-0.0.1 against master#ff34b919075f35a1787659e9c448a34b06bab8de for issue-85264
[INFO] extracting crate austenite 0.0.1 into /workspace/builds/worker-12/source
[INFO] validating manifest of crates.io crate austenite 0.0.1 on toolchain ff34b919075f35a1787659e9c448a34b06bab8de
[INFO] running `Command { std: "/workspace/cargo-home/bin/cargo" "+ff34b919075f35a1787659e9c448a34b06bab8de" "metadata" "--manifest-path" "Cargo.toml" "--no-deps", kill_on_drop: false }`
[INFO] started tweaking crates.io crate austenite 0.0.1
[INFO] finished tweaking crates.io crate austenite 0.0.1
[INFO] tweaked toml for crates.io crate austenite 0.0.1 written to /workspace/builds/worker-12/source/Cargo.toml
[INFO] running `Command { std: "/workspace/cargo-home/bin/cargo" "+ff34b919075f35a1787659e9c448a34b06bab8de" "generate-lockfile" "--manifest-path" "Cargo.toml" "-Zno-index-update", kill_on_drop: false }`
[INFO] running `Command { std: "/workspace/cargo-home/bin/cargo" "+ff34b919075f35a1787659e9c448a34b06bab8de" "fetch" "--manifest-path" "Cargo.toml", kill_on_drop: false }`
[INFO] [stderr] warning: parsed version requirement `0.2*` is no longer valid
[INFO] [stderr] 
[INFO] [stderr] Previous versions of Cargo accepted this malformed requirement,
[INFO] [stderr] but it is being deprecated. This was found when parsing the manifest
[INFO] [stderr] of iron 0.1.21, and the correct version requirement is `0.2.*`.
[INFO] [stderr] 
[INFO] [stderr] This will soon become a hard error, so it's either recommended to
[INFO] [stderr] update to a fixed version or contact the upstream maintainer about
[INFO] [stderr] this warning.
[INFO] [stderr] 
[INFO] running `Command { std: "docker" "create" "-v" "/var/lib/crater-agent-workspace/builds/worker-12/target:/opt/rustwide/target:rw,Z" "-v" "/var/lib/crater-agent-workspace/builds/worker-12/source:/opt/rustwide/workdir:ro,Z" "-v" "/var/lib/crater-agent-workspace/cargo-home:/opt/rustwide/cargo-home:ro,Z" "-v" "/var/lib/crater-agent-workspace/rustup-home:/opt/rustwide/rustup-home:ro,Z" "-e" "SOURCE_DIR=/opt/rustwide/workdir" "-e" "CARGO_TARGET_DIR=/opt/rustwide/target" "-e" "CARGO_HOME=/opt/rustwide/cargo-home" "-e" "RUSTUP_HOME=/opt/rustwide/rustup-home" "-w" "/opt/rustwide/workdir" "-m" "1610612736" "--user" "0:0" "--network" "none" "ghcr.io/rust-lang/crates-build-env/linux@sha256:20528e8c29e4536546f0102ce88568b16ea7538393a33fcca951030f7af10457" "/opt/rustwide/cargo-home/bin/cargo" "+ff34b919075f35a1787659e9c448a34b06bab8de" "metadata" "--no-deps" "--format-version=1", kill_on_drop: false }`
[INFO] [stdout] e3175218432e2b2b8fec3d4a47d67ec16b80dc3e1d7adcbaf82edce816a7ac2c
[INFO] [stderr] WARNING: Your kernel does not support swap limit capabilities or the cgroup is not mounted. Memory limited without swap.
[INFO] running `Command { std: "docker" "start" "-a" "e3175218432e2b2b8fec3d4a47d67ec16b80dc3e1d7adcbaf82edce816a7ac2c", kill_on_drop: false }`
[INFO] running `Command { std: "docker" "inspect" "e3175218432e2b2b8fec3d4a47d67ec16b80dc3e1d7adcbaf82edce816a7ac2c", kill_on_drop: false }`
[INFO] running `Command { std: "docker" "rm" "-f" "e3175218432e2b2b8fec3d4a47d67ec16b80dc3e1d7adcbaf82edce816a7ac2c", kill_on_drop: false }`
[INFO] [stdout] e3175218432e2b2b8fec3d4a47d67ec16b80dc3e1d7adcbaf82edce816a7ac2c
[INFO] running `Command { std: "docker" "create" "-v" "/var/lib/crater-agent-workspace/builds/worker-12/target:/opt/rustwide/target:rw,Z" "-v" "/var/lib/crater-agent-workspace/builds/worker-12/source:/opt/rustwide/workdir:ro,Z" "-v" "/var/lib/crater-agent-workspace/cargo-home:/opt/rustwide/cargo-home:ro,Z" "-v" "/var/lib/crater-agent-workspace/rustup-home:/opt/rustwide/rustup-home:ro,Z" "-e" "SOURCE_DIR=/opt/rustwide/workdir" "-e" "CARGO_TARGET_DIR=/opt/rustwide/target" "-e" "CARGO_INCREMENTAL=0" "-e" "RUST_BACKTRACE=full" "-e" "RUSTFLAGS=--cap-lints=forbid" "-e" "CARGO_HOME=/opt/rustwide/cargo-home" "-e" "RUSTUP_HOME=/opt/rustwide/rustup-home" "-w" "/opt/rustwide/workdir" "-m" "1610612736" "--user" "0:0" "--network" "none" "ghcr.io/rust-lang/crates-build-env/linux@sha256:20528e8c29e4536546f0102ce88568b16ea7538393a33fcca951030f7af10457" "/opt/rustwide/cargo-home/bin/cargo" "+ff34b919075f35a1787659e9c448a34b06bab8de" "build" "--frozen" "--message-format=json", kill_on_drop: false }`
[INFO] [stdout] d03c8549cc44821160d6db069d90119c811bc76af121be0f4d6da069b2aabf46
[INFO] [stderr] WARNING: Your kernel does not support swap limit capabilities or the cgroup is not mounted. Memory limited without swap.
[INFO] running `Command { std: "docker" "start" "-a" "d03c8549cc44821160d6db069d90119c811bc76af121be0f4d6da069b2aabf46", kill_on_drop: false }`
[INFO] [stderr]     Blocking waiting for file lock on package cache
[INFO] [stderr] warning: parsed version requirement `0.2*` is no longer valid
[INFO] [stderr] 
[INFO] [stderr] Previous versions of Cargo accepted this malformed requirement,
[INFO] [stderr] but it is being deprecated. This was found when parsing the manifest
[INFO] [stderr] of iron 0.1.21, and the correct version requirement is `0.2.*`.
[INFO] [stderr] 
[INFO] [stderr] This will soon become a hard error, so it's either recommended to
[INFO] [stderr] update to a fixed version or contact the upstream maintainer about
[INFO] [stderr] this warning.
[INFO] [stderr] 
[INFO] [stderr]    Compiling syn v1.0.72
[INFO] [stderr]    Compiling gcc v0.3.55
[INFO] [stderr]    Compiling rustc-serialize v0.3.24
[INFO] [stderr]    Compiling traitobject v0.1.0
[INFO] [stderr]    Compiling pin-project-lite v0.2.6
[INFO] [stderr]    Compiling version_check v0.1.5
[INFO] [stderr]    Compiling proc-macro-hack v0.5.19
[INFO] [stderr]    Compiling libc v0.1.12
[INFO] [stderr]    Compiling futures-task v0.3.15
[INFO] [stderr]    Compiling lazy_static v0.1.16
[INFO] [stderr]    Compiling bitflags v0.3.3
[INFO] [stderr]    Compiling bytes v1.0.1
[INFO] [stderr]    Compiling typeable v0.1.2
[INFO] [stderr]    Compiling const_fn v0.4.8
[INFO] [stderr]    Compiling futures-channel v0.3.15
[INFO] [stderr]    Compiling pin-utils v0.1.0
[INFO] [stderr]    Compiling language-tags v0.0.7
[INFO] [stderr]    Compiling traitobject v0.0.1
[INFO] [stderr]    Compiling httpdate v1.0.1
[INFO] [stderr]    Compiling modifier v0.1.0
[INFO] [stderr]    Compiling tower-service v0.3.1
[INFO] [stderr]    Compiling num-integer v0.1.44
[INFO] [stderr]    Compiling futures-util v0.3.15
[INFO] [stderr]    Compiling tokio v1.6.1
[INFO] [stderr]    Compiling standback v0.2.17
[INFO] [stderr]    Compiling time v0.2.26
[INFO] [stderr]    Compiling tracing-core v0.1.18
[INFO] [stderr]    Compiling rand v0.4.6
[INFO] [stderr]    Compiling log v0.3.9
[INFO] [stderr]    Compiling num_cpus v0.2.13
[INFO] [stderr]    Compiling want v0.3.0
[INFO] [stderr]    Compiling unsafe-any v0.4.2
[INFO] [stderr]    Compiling error v0.1.9
[INFO] [stderr]    Compiling typemap v0.3.3
[INFO] [stderr]    Compiling hpack v0.2.0
[INFO] [stderr]    Compiling plugin v0.2.6
[INFO] [stderr]    Compiling unicase v1.4.2
[INFO] [stderr]    Compiling http v0.2.4
[INFO] [stderr]    Compiling solicit v0.4.4
[INFO] [stderr]    Compiling num-iter v0.1.42
[INFO] [stderr]    Compiling num v0.1.42
[INFO] [stderr]    Compiling tracing v0.1.26
[INFO] [stderr]    Compiling serde v0.6.15
[INFO] [stderr]    Compiling rand v0.3.23
[INFO] [stderr]    Compiling openssl-sys v0.6.7
[INFO] [stderr] The following warnings were emitted during compilation:
[INFO] [stderr] 
[INFO] [stderr] warning: src/openssl_shim.c: In function 'SSL_CTX_set_ecdh_auto_shim':
[INFO] [stderr] warning: src/openssl_shim.c:115:41: warning: unused parameter 'ctx' [-Wunused-parameter]
[INFO] [stderr] warning:   115 | int SSL_CTX_set_ecdh_auto_shim(SSL_CTX *ctx, int onoff) {
[INFO] [stderr] warning:       |                                ~~~~~~~~~^~~
[INFO] [stderr] warning: src/openssl_shim.c: In function 'DH_new_from_params':
[INFO] [stderr] warning: src/openssl_shim.c:126:7: error: dereferencing pointer to incomplete type 'DH' {aka 'struct dh_st'}
[INFO] [stderr] warning:   126 |     dh->p = p;
[INFO] [stderr] warning:       |       ^~
[INFO] [stderr] warning: src/openssl_shim.c: In function 'X509_get_extensions_shim':
[INFO] [stderr] warning: src/openssl_shim.c:137:13: error: dereferencing pointer to incomplete type 'X509' {aka 'struct x509_st'}
[INFO] [stderr] warning:   137 |     return x->cert_info ? x->cert_info->extensions : NULL;
[INFO] [stderr] warning:       |             ^~
[INFO] [stderr] warning: src/openssl_shim.c:138:1: warning: control reaches end of non-void function [-Wreturn-type]
[INFO] [stderr] warning:   138 | }
[INFO] [stderr] warning:       | ^
[INFO] [stderr] 
[INFO] [stderr] error: failed to run custom build command for `openssl-sys v0.6.7`
[INFO] [stderr] 
[INFO] [stderr] Caused by:
[INFO] [stderr]   process didn't exit successfully: `/opt/rustwide/target/debug/build/openssl-sys-ad250c93bbd8dfda/build-script-build` (exit status: 101)
[INFO] [stderr]   --- stdout
[INFO] [stderr]   cargo:rerun-if-env-changed=OPENSSL_NO_PKG_CONFIG
[INFO] [stderr]   cargo:rerun-if-env-changed=PKG_CONFIG
[INFO] [stderr]   cargo:rerun-if-env-changed=OPENSSL_STATIC
[INFO] [stderr]   cargo:rerun-if-env-changed=OPENSSL_DYNAMIC
[INFO] [stderr]   cargo:rerun-if-env-changed=PKG_CONFIG_ALL_STATIC
[INFO] [stderr]   cargo:rerun-if-env-changed=PKG_CONFIG_ALL_DYNAMIC
[INFO] [stderr]   cargo:rerun-if-env-changed=PKG_CONFIG_PATH_x86_64-unknown-linux-gnu
[INFO] [stderr]   cargo:rerun-if-env-changed=PKG_CONFIG_PATH_x86_64_unknown_linux_gnu
[INFO] [stderr]   cargo:rerun-if-env-changed=HOST_PKG_CONFIG_PATH
[INFO] [stderr]   cargo:rerun-if-env-changed=PKG_CONFIG_PATH
[INFO] [stderr]   cargo:rerun-if-env-changed=PKG_CONFIG_LIBDIR_x86_64-unknown-linux-gnu
[INFO] [stderr]   cargo:rerun-if-env-changed=PKG_CONFIG_LIBDIR_x86_64_unknown_linux_gnu
[INFO] [stderr]   cargo:rerun-if-env-changed=HOST_PKG_CONFIG_LIBDIR
[INFO] [stderr]   cargo:rerun-if-env-changed=PKG_CONFIG_LIBDIR
[INFO] [stderr]   cargo:rerun-if-env-changed=PKG_CONFIG_SYSROOT_DIR_x86_64-unknown-linux-gnu
[INFO] [stderr]   cargo:rerun-if-env-changed=PKG_CONFIG_SYSROOT_DIR_x86_64_unknown_linux_gnu
[INFO] [stderr]   cargo:rerun-if-env-changed=HOST_PKG_CONFIG_SYSROOT_DIR
[INFO] [stderr]   cargo:rerun-if-env-changed=PKG_CONFIG_SYSROOT_DIR
[INFO] [stderr]   cargo:rerun-if-env-changed=PKG_CONFIG_SYSROOT_DIR
[INFO] [stderr]   cargo:rerun-if-env-changed=SYSROOT
[INFO] [stderr]   cargo:rerun-if-env-changed=OPENSSL_STATIC
[INFO] [stderr]   cargo:rerun-if-env-changed=OPENSSL_DYNAMIC
[INFO] [stderr]   cargo:rerun-if-env-changed=PKG_CONFIG_ALL_STATIC
[INFO] [stderr]   cargo:rerun-if-env-changed=PKG_CONFIG_ALL_DYNAMIC
[INFO] [stderr]   cargo:rustc-link-search=native=/usr/lib/x86_64-linux-gnu
[INFO] [stderr]   cargo:rustc-link-lib=ssl
[INFO] [stderr]   cargo:rustc-link-lib=crypto
[INFO] [stderr]   cargo:rerun-if-env-changed=PKG_CONFIG
[INFO] [stderr]   cargo:rerun-if-env-changed=OPENSSL_STATIC
[INFO] [stderr]   cargo:rerun-if-env-changed=OPENSSL_DYNAMIC
[INFO] [stderr]   cargo:rerun-if-env-changed=PKG_CONFIG_ALL_STATIC
[INFO] [stderr]   cargo:rerun-if-env-changed=PKG_CONFIG_ALL_DYNAMIC
[INFO] [stderr]   cargo:rerun-if-env-changed=PKG_CONFIG_PATH_x86_64-unknown-linux-gnu
[INFO] [stderr]   cargo:rerun-if-env-changed=PKG_CONFIG_PATH_x86_64_unknown_linux_gnu
[INFO] [stderr]   cargo:rerun-if-env-changed=HOST_PKG_CONFIG_PATH
[INFO] [stderr]   cargo:rerun-if-env-changed=PKG_CONFIG_PATH
[INFO] [stderr]   cargo:rerun-if-env-changed=PKG_CONFIG_LIBDIR_x86_64-unknown-linux-gnu
[INFO] [stderr]   cargo:rerun-if-env-changed=PKG_CONFIG_LIBDIR_x86_64_unknown_linux_gnu
[INFO] [stderr]   cargo:rerun-if-env-changed=HOST_PKG_CONFIG_LIBDIR
[INFO] [stderr]   cargo:rerun-if-env-changed=PKG_CONFIG_LIBDIR
[INFO] [stderr]   cargo:rerun-if-env-changed=PKG_CONFIG_SYSROOT_DIR_x86_64-unknown-linux-gnu
[INFO] [stderr]   cargo:rerun-if-env-changed=PKG_CONFIG_SYSROOT_DIR_x86_64_unknown_linux_gnu
[INFO] [stderr]   cargo:rerun-if-env-changed=HOST_PKG_CONFIG_SYSROOT_DIR
[INFO] [stderr]   cargo:rerun-if-env-changed=PKG_CONFIG_SYSROOT_DIR
[INFO] [stderr]   TARGET = Some("x86_64-unknown-linux-gnu")
[INFO] [stderr]   OPT_LEVEL = Some("0")
[INFO] [stderr]   TARGET = Some("x86_64-unknown-linux-gnu")
[INFO] [stderr]   HOST = Some("x86_64-unknown-linux-gnu")
[INFO] [stderr]   TARGET = Some("x86_64-unknown-linux-gnu")
[INFO] [stderr]   TARGET = Some("x86_64-unknown-linux-gnu")
[INFO] [stderr]   HOST = Some("x86_64-unknown-linux-gnu")
[INFO] [stderr]   CC_x86_64-unknown-linux-gnu = None
[INFO] [stderr]   CC_x86_64_unknown_linux_gnu = None
[INFO] [stderr]   HOST_CC = None
[INFO] [stderr]   CC = None
[INFO] [stderr]   HOST = Some("x86_64-unknown-linux-gnu")
[INFO] [stderr]   TARGET = Some("x86_64-unknown-linux-gnu")
[INFO] [stderr]   HOST = Some("x86_64-unknown-linux-gnu")
[INFO] [stderr]   CFLAGS_x86_64-unknown-linux-gnu = None
[INFO] [stderr]   CFLAGS_x86_64_unknown_linux_gnu = None
[INFO] [stderr]   HOST_CFLAGS = None
[INFO] [stderr]   CFLAGS = None
[INFO] [stderr]   DEBUG = Some("true")
[INFO] [stderr]   running: "cc" "-O0" "-ffunction-sections" "-fdata-sections" "-fPIC" "-g" "-m64" "-I" "/usr/include" "-Wall" "-Wextra" "-o" "/opt/rustwide/target/debug/build/openssl-sys-e3144cd2d96eea4c/out/src/openssl_shim.o" "-c" "src/openssl_shim.c"
[INFO] [stderr]   cargo:warning=src/openssl_shim.c: In function 'SSL_CTX_set_ecdh_auto_shim':
[INFO] [stderr]   cargo:warning=src/openssl_shim.c:115:41: warning: unused parameter 'ctx' [-Wunused-parameter]
[INFO] [stderr]   cargo:warning=  115 | int SSL_CTX_set_ecdh_auto_shim(SSL_CTX *ctx, int onoff) {
[INFO] [stderr]   cargo:warning=      |                                ~~~~~~~~~^~~
[INFO] [stderr]   cargo:warning=src/openssl_shim.c: In function 'DH_new_from_params':
[INFO] [stderr]   cargo:warning=src/openssl_shim.c:126:7: error: dereferencing pointer to incomplete type 'DH' {aka 'struct dh_st'}
[INFO] [stderr]   cargo:warning=  126 |     dh->p = p;
[INFO] [stderr]   cargo:warning=      |       ^~
[INFO] [stderr]   cargo:warning=src/openssl_shim.c: In function 'X509_get_extensions_shim':
[INFO] [stderr]   cargo:warning=src/openssl_shim.c:137:13: error: dereferencing pointer to incomplete type 'X509' {aka 'struct x509_st'}
[INFO] [stderr]   cargo:warning=  137 |     return x->cert_info ? x->cert_info->extensions : NULL;
[INFO] [stderr]   cargo:warning=      |             ^~
[INFO] [stderr]   cargo:warning=src/openssl_shim.c:138:1: warning: control reaches end of non-void function [-Wreturn-type]
[INFO] [stderr]   cargo:warning=  138 | }
[INFO] [stderr]   cargo:warning=      | ^
[INFO] [stderr]   exit status: 1
[INFO] [stderr] 
[INFO] [stderr]   --- stderr
[INFO] [stderr]   thread 'main' panicked at '
[INFO] [stderr] 
[INFO] [stderr]   Internal error occurred: Command "cc" "-O0" "-ffunction-sections" "-fdata-sections" "-fPIC" "-g" "-m64" "-I" "/usr/include" "-Wall" "-Wextra" "-o" "/opt/rustwide/target/debug/build/openssl-sys-e3144cd2d96eea4c/out/src/openssl_shim.o" "-c" "src/openssl_shim.c" with args "cc" did not execute successfully (status code exit status: 1).
[INFO] [stderr] 
[INFO] [stderr]   ', /opt/rustwide/cargo-home/registry/src/github.com-1ecc6299db9ec823/gcc-0.3.55/src/lib.rs:1672:5
[INFO] [stderr]   stack backtrace:
[INFO] [stderr]      0:     0x556935f8b200 - std::backtrace_rs::backtrace::libunwind::trace::hdcf4f90f85129e83
[INFO] [stderr]                                  at /rustc/ff34b919075f35a1787659e9c448a34b06bab8de/library/std/src/../../backtrace/src/backtrace/libunwind.rs:90:5
[INFO] [stderr]      1:     0x556935f8b200 - std::backtrace_rs::backtrace::trace_unsynchronized::h2669e30cb82f6732
[INFO] [stderr]                                  at /rustc/ff34b919075f35a1787659e9c448a34b06bab8de/library/std/src/../../backtrace/src/backtrace/mod.rs:66:5
[INFO] [stderr]      2:     0x556935f8b200 - std::sys_common::backtrace::_print_fmt::hfbda19e17f6db318
[INFO] [stderr]                                  at /rustc/ff34b919075f35a1787659e9c448a34b06bab8de/library/std/src/sys_common/backtrace.rs:67:5
[INFO] [stderr]      3:     0x556935f8b200 - <std::sys_common::backtrace::_print::DisplayBacktrace as core::fmt::Display>::fmt::h1a8751bf59281272
[INFO] [stderr]                                  at /rustc/ff34b919075f35a1787659e9c448a34b06bab8de/library/std/src/sys_common/backtrace.rs:46:22
[INFO] [stderr]      4:     0x556935faad6f - core::fmt::write::h7aa6cd0067dca82a
[INFO] [stderr]                                  at /rustc/ff34b919075f35a1787659e9c448a34b06bab8de/library/core/src/fmt/mod.rs:1094:17
[INFO] [stderr]      5:     0x556935f87d45 - std::io::Write::write_fmt::hd7dd3a1df9b6befb
[INFO] [stderr]                                  at /rustc/ff34b919075f35a1787659e9c448a34b06bab8de/library/std/src/io/mod.rs:1584:15
[INFO] [stderr]      6:     0x556935f8d19b - std::sys_common::backtrace::_print::h551e9ec8a9fa8106
[INFO] [stderr]                                  at /rustc/ff34b919075f35a1787659e9c448a34b06bab8de/library/std/src/sys_common/backtrace.rs:49:5
[INFO] [stderr]      7:     0x556935f8d19b - std::sys_common::backtrace::print::ha4b1c5e95fa040b3
[INFO] [stderr]                                  at /rustc/ff34b919075f35a1787659e9c448a34b06bab8de/library/std/src/sys_common/backtrace.rs:36:9
[INFO] [stderr]      8:     0x556935f8d19b - std::panicking::default_hook::{{closure}}::h0b34c9ab7fb9f857
[INFO] [stderr]                                  at /rustc/ff34b919075f35a1787659e9c448a34b06bab8de/library/std/src/panicking.rs:208:50
[INFO] [stderr]      9:     0x556935f8cc7d - std::panicking::default_hook::h3067e8318decd17a
[INFO] [stderr]                                  at /rustc/ff34b919075f35a1787659e9c448a34b06bab8de/library/std/src/panicking.rs:225:9
[INFO] [stderr]     10:     0x556935f8d74d - std::panicking::rust_panic_with_hook::h81b8facc50f34daa
[INFO] [stderr]                                  at /rustc/ff34b919075f35a1787659e9c448a34b06bab8de/library/std/src/panicking.rs:591:17
[INFO] [stderr]     11:     0x556935f8d347 - std::panicking::begin_panic_handler::{{closure}}::ha376ab85d95a000e
[INFO] [stderr]                                  at /rustc/ff34b919075f35a1787659e9c448a34b06bab8de/library/std/src/panicking.rs:497:13
[INFO] [stderr]     12:     0x556935f8b6bc - std::sys_common::backtrace::__rust_end_short_backtrace::h6795c8afdd1a77e6
[INFO] [stderr]                                  at /rustc/ff34b919075f35a1787659e9c448a34b06bab8de/library/std/src/sys_common/backtrace.rs:141:18
[INFO] [stderr]     13:     0x556935f8d2a9 - rust_begin_unwind
[INFO] [stderr]                                  at /rustc/ff34b919075f35a1787659e9c448a34b06bab8de/library/std/src/panicking.rs:493:5
[INFO] [stderr]     14:     0x556935f0cbeb - std::panicking::begin_panic_fmt::hf43a0025042538e2
[INFO] [stderr]                                  at /rustc/ff34b919075f35a1787659e9c448a34b06bab8de/library/std/src/panicking.rs:435:5
[INFO] [stderr]     15:     0x556935f26733 - gcc::fail::hb07cc9daec6ac7d3
[INFO] [stderr]                                  at /opt/rustwide/cargo-home/registry/src/github.com-1ecc6299db9ec823/gcc-0.3.55/src/lib.rs:1672:5
[INFO] [stderr]     16:     0x556935f1857c - gcc::Build::compile::h0b6475e3706d985b
[INFO] [stderr]                                  at /opt/rustwide/cargo-home/registry/src/github.com-1ecc6299db9ec823/gcc-0.3.55/src/lib.rs:785:13
[INFO] [stderr]     17:     0x556935f100c8 - build_script_build::build_openssl_shim::h64fc8a41ead1ef90
[INFO] [stderr]                                  at /opt/rustwide/cargo-home/registry/src/github.com-1ecc6299db9ec823/openssl-sys-0.6.7/build.rs:135:5
[INFO] [stderr]     18:     0x556935f0de6a - build_script_build::main::hac3e1c993a645206
[INFO] [stderr]                                  at /opt/rustwide/cargo-home/registry/src/github.com-1ecc6299db9ec823/openssl-sys-0.6.7/build.rs:23:17
[INFO] [stderr]     19:     0x556935f1352b - core::ops::function::FnOnce::call_once::h751d58883c58d9c6
[INFO] [stderr]                                  at /rustc/ff34b919075f35a1787659e9c448a34b06bab8de/library/core/src/ops/function.rs:227:5
[INFO] [stderr]     20:     0x556935f1184e - std::sys_common::backtrace::__rust_begin_short_backtrace::h4795be9094bed7b0
[INFO] [stderr]                                  at /rustc/ff34b919075f35a1787659e9c448a34b06bab8de/library/std/src/sys_common/backtrace.rs:125:18
[INFO] [stderr]     21:     0x556935f14161 - std::rt::lang_start::{{closure}}::h29c1cbaa3c224f27
[INFO] [stderr]                                  at /rustc/ff34b919075f35a1787659e9c448a34b06bab8de/library/std/src/rt.rs:49:18
[INFO] [stderr]     22:     0x556935f8db4a - core::ops::function::impls::<impl core::ops::function::FnOnce<A> for &F>::call_once::h3b8c329143d7638a
[INFO] [stderr]                                  at /rustc/ff34b919075f35a1787659e9c448a34b06bab8de/library/core/src/ops/function.rs:259:13
[INFO] [stderr]     23:     0x556935f8db4a - std::panicking::try::do_call::h4b72c261b4eefc1b
[INFO] [stderr]                                  at /rustc/ff34b919075f35a1787659e9c448a34b06bab8de/library/std/src/panicking.rs:379:40
[INFO] [stderr]     24:     0x556935f8db4a - std::panicking::try::h703d31b7896cbd49
[INFO] [stderr]                                  at /rustc/ff34b919075f35a1787659e9c448a34b06bab8de/library/std/src/panicking.rs:343:19
[INFO] [stderr]     25:     0x556935f8db4a - std::panic::catch_unwind::h37cad9b35388a915
[INFO] [stderr]                                  at /rustc/ff34b919075f35a1787659e9c448a34b06bab8de/library/std/src/panic.rs:431:14
[INFO] [stderr]     26:     0x556935f8db4a - std::rt::lang_start_internal::hab5a8a909af4f90e
[INFO] [stderr]                                  at /rustc/ff34b919075f35a1787659e9c448a34b06bab8de/library/std/src/rt.rs:34:21
[INFO] [stderr]     27:     0x556935f14140 - std::rt::lang_start::h70f486c08d50f8a4
[INFO] [stderr]                                  at /rustc/ff34b919075f35a1787659e9c448a34b06bab8de/library/std/src/rt.rs:48:5
[INFO] [stderr]     28:     0x556935f1051c - main
[INFO] [stderr]     29:     0x7f2d7d4e80b3 - __libc_start_main
[INFO] [stderr]     30:     0x556935f0da8e - _start
[INFO] [stderr]     31:                0x0 - <unknown>
[INFO] [stderr] warning: build failed, waiting for other jobs to finish...
[INFO] [stderr] error: build failed
[INFO] running `Command { std: "docker" "inspect" "d03c8549cc44821160d6db069d90119c811bc76af121be0f4d6da069b2aabf46", kill_on_drop: false }`
[INFO] running `Command { std: "docker" "rm" "-f" "d03c8549cc44821160d6db069d90119c811bc76af121be0f4d6da069b2aabf46", kill_on_drop: false }`
[INFO] [stdout] d03c8549cc44821160d6db069d90119c811bc76af121be0f4d6da069b2aabf46
